{"id":2877,"date":"2015-02-20T09:48:09","date_gmt":"2015-02-20T07:48:09","guid":{"rendered":"http:\/\/wohnprojekt.wohnprojektbadbramstedt.de\/wp-content\/uploads\/2015\/02\/DSC_3538-Kopie.jpg"},"modified":"2016-04-03T12:52:59","modified_gmt":"2016-04-03T10:52:59","slug":"dsc_3538-kopie","status":"inherit","type":"attachment","link":"https:\/\/wohnprojektbadbramstedt.de\/?attachment_id=2877","title":{"rendered":"DSC_3538 &#8211; Kopie"},"author":1,"featured_media":0,"comment_status":"closed","ping_status":"closed","template":"","meta":[],"class_list":["post-2877","attachment","type-attachment","status-inherit","hentry"],"description":{"rendered":"<p class=\"attachment\"><a href='https:\/\/wohnprojektbadbramstedt.de\/wp-content\/uploads\/2015\/02\/DSC_3538-Kopie.jpg'><img loading=\"lazy\" decoding=\"async\" width=\"300\" height=\"256\" src=\"https:\/\/wohnprojektbadbramstedt.de\/wp-content\/uploads\/2015\/02\/DSC_3538-Kopie-300x256.jpg\" class=\"attachment-medium size-medium\" alt=\"\" srcset=\"https:\/\/wohnprojektbadbramstedt.de\/wp-content\/uploads\/2015\/02\/DSC_3538-Kopie-300x256.jpg 300w, https:\/\/wohnprojektbadbramstedt.de\/wp-content\/uploads\/2015\/02\/DSC_3538-Kopie-1024x873.jpg 1024w\" sizes=\"auto, (max-width: 300px) 100vw, 300px\" \/><\/a><\/p>\n"},"caption":{"rendered":"<p>Genossenschaftsgr\u00fcndung mit der EIntragung in das genossenschaftsregister abgeschlossen. Vor \u00fcber einem Jahr hatte der Gesch\u00e4ftsf\u00fchrer des genossenschaftrlichen Dachverbands ZdK, Herr Fiedler auf unserm Plenzum vorgetragen. <a href=\"https:\/\/wohnprojektbadbramstedt.de\/?attachment_id=2877\">Weiterlesen <span class=\"meta-nav\">&rarr;<\/span><\/a><\/p>\n"},"alt_text":"","media_type":"image","mime_type":"image\/jpeg","media_details":{"width":2345,"height":2000,"file":"2015\/02\/DSC_3538-Kopie.jpg","sizes":{"thumbnail":{"file":"DSC_3538-Kopie-150x150.jpg","width":150,"height":150,"mime_type":"image\/jpeg","source_url":"https:\/\/wohnprojektbadbramstedt.de\/wp-content\/uploads\/2015\/02\/DSC_3538-Kopie-150x150.jpg"},"medium":{"file":"DSC_3538-Kopie-300x256.jpg","width":300,"height":256,"mime_type":"image\/jpeg","source_url":"https:\/\/wohnprojektbadbramstedt.de\/wp-content\/uploads\/2015\/02\/DSC_3538-Kopie-300x256.jpg"},"large":{"file":"DSC_3538-Kopie-1024x873.jpg","width":1024,"height":873,"mime_type":"image\/jpeg","source_url":"https:\/\/wohnprojektbadbramstedt.de\/wp-content\/uploads\/2015\/02\/DSC_3538-Kopie-1024x873.jpg"},"post-thumbnail":{"file":"DSC_3538-Kopie-940x198.jpg","width":940,"height":198,"mime_type":"image\/jpeg","source_url":"https:\/\/wohnprojektbadbramstedt.de\/wp-content\/uploads\/2015\/02\/DSC_3538-Kopie-940x198.jpg"},"full":{"file":"DSC_3538-Kopie.jpg","width":2345,"height":2000,"mime_type":"image\/jpeg","source_url":"https:\/\/wohnprojektbadbramstedt.de\/wp-content\/uploads\/2015\/02\/DSC_3538-Kopie.jpg"}},"image_meta":{"aperture":5.3,"credit":"","camera":"NIKON D3200","caption":"","created_timestamp":1424372544,"copyright":"","focal_length":"46","iso":"400","shutter_speed":"0.016666666666667","title":"","orientation":0}},"post":2873,"source_url":"https:\/\/wohnprojektbadbramstedt.de\/wp-content\/uploads\/2015\/02\/DSC_3538-Kopie.jpg","_links":{"self":[{"href":"https:\/\/wohnprojektbadbramstedt.de\/index.php?rest_route=\/wp\/v2\/media\/2877","targetHints":{"allow":["GET"]}}],"collection":[{"href":"https:\/\/wohnprojektbadbramstedt.de\/index.php?rest_route=\/wp\/v2\/media"}],"about":[{"href":"https:\/\/wohnprojektbadbramstedt.de\/index.php?rest_route=\/wp\/v2\/types\/attachment"}],"author":[{"embeddable":true,"href":"https:\/\/wohnprojektbadbramstedt.de\/index.php?rest_route=\/wp\/v2\/users\/1"}],"replies":[{"embeddable":true,"href":"https:\/\/wohnprojektbadbramstedt.de\/index.php?rest_route=%2Fwp%2Fv2%2Fcomments&post=2877"}],"wp:attached-to":[{"embeddable":true,"post_type":"post","id":2873,"href":"https:\/\/wohnprojektbadbramstedt.de\/index.php?rest_route=\/wp\/v2\/posts\/2873"}],"curies":[{"name":"wp","href":"https:\/\/api.w.org\/{rel}","templated":true}]}}

<p>Genossenschaftsgründung mit der EIntragung in das genossenschaftsregister abgeschlossen. Vor über einem Jahr hatte der Geschäftsführer des genossenschaftrlichen Dachverbands ZdK, Herr Fiedler auf unserm Plenzum vorgetragen. <a href="https://wohnprojektbadbramstedt.de/?attachment_id=2877">Weiterlesen <span class="meta-nav">&rarr;</span></a></p>
