{"id":57,"date":"2012-02-04T23:39:28","date_gmt":"2012-02-05T10:09:28","guid":{"rendered":"http:\/\/wohnprojektbadbramstedt.wordpress.com\/?page_id=57"},"modified":"2022-11-11T11:54:17","modified_gmt":"2022-11-11T10:54:17","slug":"grundstuck","status":"publish","type":"page","link":"https:\/\/wohnprojektbadbramstedt.de\/?page_id=57","title":{"rendered":"Grundst\u00fcck"},"content":{"rendered":"<p><strong>Landschaftlich sch\u00f6n gelegen mit Fu\u00df- und Radweg zum Zentrum<br \/>\n<\/strong><\/p>\n<p>Wir haben in Bad Bramstedt schon mehrere Grundst\u00fccke angesehen, die f\u00fcr unser Projekt geeignet sein k\u00f6nnten. Vor einiger Zeit sind wir f\u00fcndig geworden. Das vom Klinikum Bad Bramstedt nicht mehr genutzte Grundst\u00fcck\u00a0 Oskar-Alexander-Stra\u00dfe 24 \u201eHaus an den Auen\u201c\u00a0\u00a0bietet f\u00fcr unser Konzept gute Voraussetzungen. Mit dem Klinkum Bad Bramstedt haben wir vertraglich vereinbart, dass wir das Grundst\u00fcck kaufen k\u00f6nnen, wenn das <a title=\"Wohnprojekt am 26.8.13 erneut im Planungsausschuss\" href=\"https:\/\/wohnprojektbadbramstedt.de\/?p=1538\">Bauleitplanverfahren <\/a>positiv verl\u00e4uft und das geplante Projekt gebaut werden darf.<\/p>\n<p>Es ist landschaftlich sehr sch\u00f6n gelegen, hinreichend zentrumsnah und gut mit dem Fahrrad bzw. fu\u00dfl\u00e4ufig \u00fcber die Wanderwege an den Auen erreichbar. Einkaufsm\u00f6glichkeiten sind durch Lidl und Edeka in naher Entfernung. Eine medizinische Versorgung ist ebenfalls fu\u00dfl\u00e4ufig im MVZ des Klinikums Bad Bramstedt und in einer Arztpraxis im Ochsenweg erreichbar. Die in der N\u00e4he liegende Bahnstation \u201eKurhaus\u201c der AKN er\u00f6ffnet insbesondere denjenigen Bewohnern die kein Auto haben (wollen) die M\u00f6glichkeit, \u00f6ffentliche Verkehrsmittel zu nutzen. Die enge Anbindung an das Kurgebiet ist f\u00fcr die spezifischen Nutzergruppen gut geeignet.<\/p>\n<p>In einem Entwurf unserer Architekten wurde die <a title=\"Lagepl\u00e4ne Wohnprojekt\" href=\"https:\/\/wohnprojektbadbramstedt.de\/?page_id=1246\">Lage der Geb\u00e4ude<\/a> auf dem Grundst\u00fcck gezeichnet:<\/p>\n<p style=\"text-align: left;\"><a href=\"https:\/\/wohnprojektbadbramstedt.de\/wp-content\/uploads\/2013\/06\/haus_an_den_auen_Lageplan-1_1000.jpg\"><img loading=\"lazy\" decoding=\"async\" class=\"alignleft size-large wp-image-1234\" src=\"https:\/\/wohnprojektbadbramstedt.de\/wp-content\/uploads\/2013\/06\/haus_an_den_auen_Lageplan-1_1000-1024x798.jpg\" alt=\"haus_an_den_auen_Lageplan 1_1000\" width=\"640\" height=\"498\" srcset=\"https:\/\/wohnprojektbadbramstedt.de\/wp-content\/uploads\/2013\/06\/haus_an_den_auen_Lageplan-1_1000-1024x798.jpg 1024w, https:\/\/wohnprojektbadbramstedt.de\/wp-content\/uploads\/2013\/06\/haus_an_den_auen_Lageplan-1_1000-300x234.jpg 300w\" sizes=\"auto, (max-width: 640px) 100vw, 640px\" \/><\/a><\/p>\n<p style=\"text-align: right;\">Ein Blick <a title=\"Haus an den Auen\" href=\"http:\/\/maps.google.de\/maps?q=53.908775,9.889603&amp;hl=de&amp;ll=53.90875,9.889562&amp;spn=0.005069,0.009645&amp;num=1&amp;t=h&amp;z=17&amp;iwloc=A\" target=\"_blank\" rel=\"noopener noreferrer\">hier klicken <\/a>von oben auf das Grundst\u00fcck mit Google Map mit Stand von April 2018 mit den fertiggestellten Geb\u00e4uden und den Aussenanlagen im Bau<br \/>\n(Februar 2015, aktualisiert Juni 2018 und Mai 2020)<\/p>\n","protected":false},"excerpt":{"rendered":"<p>Landschaftlich sch\u00f6n gelegen mit Fu\u00df- und Radweg zum Zentrum Wir haben in Bad Bramstedt schon mehrere Grundst\u00fccke angesehen, die f\u00fcr unser Projekt geeignet sein k\u00f6nnten. Vor einiger Zeit sind wir f\u00fcndig geworden. Das vom Klinikum Bad Bramstedt nicht mehr genutzte &hellip; <a href=\"https:\/\/wohnprojektbadbramstedt.de\/?page_id=57\">Weiterlesen <span class=\"meta-nav\">&rarr;<\/span><\/a><\/p>\n","protected":false},"author":1,"featured_media":0,"parent":1243,"menu_order":30,"comment_status":"closed","ping_status":"closed","template":"","meta":{"footnotes":""},"class_list":["post-57","page","type-page","status-publish","hentry"],"_links":{"self":[{"href":"https:\/\/wohnprojektbadbramstedt.de\/index.php?rest_route=\/wp\/v2\/pages\/57","targetHints":{"allow":["GET"]}}],"collection":[{"href":"https:\/\/wohnprojektbadbramstedt.de\/index.php?rest_route=\/wp\/v2\/pages"}],"about":[{"href":"https:\/\/wohnprojektbadbramstedt.de\/index.php?rest_route=\/wp\/v2\/types\/page"}],"author":[{"embeddable":true,"href":"https:\/\/wohnprojektbadbramstedt.de\/index.php?rest_route=\/wp\/v2\/users\/1"}],"replies":[{"embeddable":true,"href":"https:\/\/wohnprojektbadbramstedt.de\/index.php?rest_route=%2Fwp%2Fv2%2Fcomments&post=57"}],"version-history":[{"count":17,"href":"https:\/\/wohnprojektbadbramstedt.de\/index.php?rest_route=\/wp\/v2\/pages\/57\/revisions"}],"predecessor-version":[{"id":8572,"href":"https:\/\/wohnprojektbadbramstedt.de\/index.php?rest_route=\/wp\/v2\/pages\/57\/revisions\/8572"}],"up":[{"embeddable":true,"href":"https:\/\/wohnprojektbadbramstedt.de\/index.php?rest_route=\/wp\/v2\/pages\/1243"}],"wp:attachment":[{"href":"https:\/\/wohnprojektbadbramstedt.de\/index.php?rest_route=%2Fwp%2Fv2%2Fmedia&parent=57"}],"curies":[{"name":"wp","href":"https:\/\/api.w.org\/{rel}","templated":true}]}}